ivided by 127.
125
What is the remainder when 582 is divided by 167?
81
What is the remainder when 99 is divided by 3?
0
What is the remainder when 7034 is divided by 105?
104
What is the remainder when 280 is divided by 152?
128
What is the remainder when 3378 is divided by 124?
30
Calculate the remainder when 236 is divided by 82.
72
Calculate the remainder when 9520 is divided by 46.
44
Calculate the remainder when 61 is divided by 4.
1
What is the remainder when 99 is divided by 34?
31
Calculate the remainder when 109 is divided by 94.
15
Calculate the remainder when 494 is divided by 16.
14
Calculate the remainder when 66 is divided by 20.
6
Calculate the remainder when 490 is divided by 41.
39
Calculate the remainder when 197 is divided by 57.
26
What is the remainder when 1664 is divided by 11?
3
What is the remainder when 2537 is divided by 127?
124
Calculate the remainder when 2854 is divided by 567.
19
Calculate the remainder when 13984 is divided by 197.
194
Calculate the remainder when 223 is divided by 12.
7
Calculate the remainder when 31 is divided by 12.
7
What is the remainder when 707 is divided by 59?
58
Calculate the remainder when 206 is divided by 16.
14
What is the remainder when 1450 is divided by 11?
9
What is the remainder when 126 is divided by 29?
10
Calculate the remainder when 373 is divided by 354.
19
Calculate the remainder when 614 is divided by 108.
74
Calculate the remainder when 10998 is divided by 50.
48
Calculate the remainder when 373 is divided by 125.
123
Calculate the remainder when 248 is divided by 135.
113
What is the remainder when 96 is divided by 2?
0
What is the remainder when 17 is divided by 6?
5
Calculate the remainder when 855 is divided by 48.
39
What is the remainder when 1742 is divided by 193?
5
Calculate the remainder when 239 is divided by 60.
59
What is the remainder when 1082 is divided by 38?
18
What is the remainder when 8 is divided by 5?
3
What is the remainder when 512 is divided by 202?
108
What is the remainder when 3238 is divided by 60?
58
What is the remainder when 311 is divided by 63?
59
What is the remainder when 147 is divided by 49?
0
What is the remainder when 391 is divided by 48?
7
Calculate the remainder when 3211 is divided by 3203.
8
Calculate the remainder when 420 is divided by 127.
39
What is the remainder when 476 is divided by 48?
44
Calculate the remainder when 9 is divided by 7.
2
Calculate the remainder when 6070 is divided by 12.
10
What is the remainder when 227 is divided by 86?
55
What is the remainder when 58 is divided by 12?
10
What is the remainder when 1374 is divided by 81?
78
Calculate the remainder when 208 is divided by 7.
5
What is the remainder when 269 is divided by 25?
19
Calculate the remainder when 898 is divided by 30.
28
What is the remainder when 2880 is divided by 131?
129
What is the remainder when 597 is divided by 116?
17
What is the remainder when 1031 is divided by 74?
69
What is the remainder when 4719 is divided by 135?
129
What is the remainder when 10317 is divided by 154?
153
What is the remainder when 147 is divided by 41?
24
What is the remainder when 125 is divided by 24?
5
What is the remainder when 344 is divided by 23?
22
Calculate the remainder when 858 is divided by 113.
67
Calculate the remainder when 4575 is divided by 176.
175
What is the remainder when 1064 is divided by 380?
304
What is the remainder when 352 is divided by 118?
116
What is the remainder when 549 is divided by 87?
27
What is the remainder when 151 is divided by 52?
47
What is the remainder when 350 is divided by 92?
74
Calculate the remainder when 443 is divided by 306.
137
What is the remainder when 46 is divided by 7?
4
What is the remainder when 68 is divided by 20?
8
Calculate the remainder when 1709 is divided by 15.
14
What is the remainder when 86 is divided by 14?
2
What is the remainder when 24 is divided by 9?
6
What is the remainder when 117 is divided by 8?
5
Calculate the remainder when 46 is divided by 35.
11
Calculate the remainder when 1668 is divided by 54.
48
Calculate the remainder when 1177 is divided by 59.
56
Calculate the remainder when 57 is divided by 55.
2
Calculate the remainder when 765 is divided by 48.
45
What is the remainder when 316 is divided by 29?
26
Calculate the remainder when 1133 is divided by 35.
13
Calculate the remainder when 279 is divided by 44.
15
What is the remainder when 84 is divided by 29?
26
Calculate the remainder when 159 is divided by 40.
39
What is the remainder when 3297 is divided by 25?
22
What is the remainder when 108 is divided by 56?
52
What is the remainder when 1001 is divided by 202?
193
What is the remainder when 335 is divided by 7?
6
What is the remainder when 66 is divided by 19?
9
What is the remainder when 2646 is divided by 94?
14
What is the remainder when 592 is divided by 18?
16
What is the remainder when 641 is divided by 63?
11
What is the remainder when 779 is divided by 192?
11
What is the remainder when 717 is divided by 15?
12
What is the remainder when 199 is divided by 3?
1
What is the remainder when 24 is divided by 17?
7
What is the remainder when 219 is divided by 5?
4
What is the remainder when 14 is divided by 8?
6
Calculate the remainder when 1044 is divided by 115.
9
What is the remainder when 117 is divided by 59?
58
Calculate the remainder when 491 is divided by 125.
116
What is the remainder when 86 is divided by 78?
8
What is the remainder when 358 is divided by 89?
2
Calculate the remainder when 84 is divided by 24.
12
Calculate the remainder when 1777 is divided by 314.
207
Calculate the remainder when 1830 is divided by 913.
4
What is the remainder when 114 is divided by 8?
2
What is the remainder when 298 is divided by 65?
38
What is the remainder when 449 is divided by 76?
69
What is the remainder when 378 is divided by 17?
4
Calculate the remainder when 84 is divided by 3.
0
What is the remainder when 98 is divided by 33?
32
What is the remainder when 90 is divided by 35?
20
What is the remainder when 189 is divided by 12?
9
Calculate the remainder when 769 is divided by 737.
32
Calculate the remainder when 2494 is divided by 20.
14
What is the remainder when 52 is divided by 9?
7
Calculate the remainder when 65 is divided by 32.
1
What is the remainder when 1434 is divided by 5?
4
What is the remainder when 1422 is divided by 143?
135
What is the remainder when 1176 is divided by 148?
140
Calculate the remainder when 1469 is divided by 5.
4
What is the remainder when 171 is divided by 63?
45
Calculate the remainder when 6518 is divided by 87.
80
Calculate the remainder when 389 is divided by 26.
25
What is the remainder when 137 is divided by 90?
47
What is the remainder when 674 is divided by 52?
50
What is the remainder when 824 is divided by 14?
12
What is the remainder when 411 is divided by 71?
56
Calculate the remainder when 691 is divided by 80.
51
What is the remainder when 445 is divided by 109?
9
What is the remainder when 276 is divided by 50?
26
What is the remainder when 154 is divided by 27?
19
What is the remainder when 207 is divided by 55?
42
What is the remainder when 211 is divided by 53?
52
What is the remainder when 262 is divided by 47?
27
Calculate the remainder when 417 is divided by 107.
96
What is the remainder when 1474 is divided by 51?
46
Calculate the remainder when 46 is divided by 1.
0
What is the remainder when 377 is divided by 19?
16
Calculate the remainder when 156 is divided by 34.
20
Calculate the remainder when 640 is divided by 634.
6
What is the remainder when 197 is divided by 40?
37
Calculate the remainder when 21016 is divided by 31.
29
Calculate the remainder when 241 is divided by 65.
46
What is the remainder when 113 is divided by 5?
3
Calculate the remainder when 84 is divided by 21.
0
What is the remainder when 13508 is divided by 171?
170
Calculate the remainder when 628 is divided by 145.
48
What is the remainder when 200 is divided by 62?
14
What is the remainder when 45 is divided by 21?
3
What is the remainder when 777 is divided by 20?
17
Calculate the remainder when 199 is divided by 105.
94
Calculate the remainder when 11 is divided by 3.
2
Calculate the remainder when 1877 is divide